{"id":28,"date":"2025-07-25T18:57:45","date_gmt":"2025-07-25T18:57:45","guid":{"rendered":"https:\/\/fundacion-labuenasemilla.org\/?page_id=28"},"modified":"2025-07-25T20:27:09","modified_gmt":"2025-07-25T20:27:09","slug":"educacion","status":"publish","type":"page","link":"https:\/\/fundacion-labuenasemilla.org\/index.php\/educacion\/","title":{"rendered":"Educaci\u00f3n"},"content":{"rendered":"\n<h2 class=\"wp-block-heading\"><strong>Estrategias<\/strong><\/h2>\n\n\n\n<p><strong>Somos una Fundaci\u00f3n sin fines de lucro, que pretende desarrollar e implementar programas y proyectos en beneficio de las ni\u00f1as, ni\u00f1os, adolescentes y j\u00f3venes de escasos recursos econ\u00f3micos, de todas las comunidades del departamento de La Paz, inicialmente en la ciudad de El Alto, brindando atenci\u00f3n gratuita en apoyo escolar a ni\u00f1as, ni\u00f1os, adolescentes de escasos recursos econ\u00f3micos y una alimentaci\u00f3n complementaria en forma de merienda saludable e higi\u00e9nica a las ni\u00f1as, ni\u00f1os, adolescentes y j\u00f3venes que asistan a nuestro Centro de D\u00eda con apoyo escolar.<\/strong><\/p>\n\n\n\n<p><strong>Buscamos contribuir al mejoramiento de la calidad de vida de las ni\u00f1as, ni\u00f1os, adolescentes y j\u00f3venes de escasos recursos econ\u00f3micos; realizando actividades de asistencia social, para su desarrollo integral, fortaleciendo sus habilidades para el aprendizaje y evitando que atraviesen situaciones de riesgo o vulnerabilidad en ausencia de sus padres.<\/strong><\/p>\n\n\n\n<h2 class=\"wp-block-heading\"><strong>Cobertura Poblacional<\/strong><\/h2>\n\n\n\n<p><strong>Nuestra poblaci\u00f3n beneficiaria directa son ni\u00f1as, ni\u00f1os, adolescentes y j\u00f3venes de escasos recursos econ\u00f3micos, de las comunidades del departamento de La Paz<\/strong>.<\/p>\n\n\n<div class=\"wp-block-image\">\n<figure class=\"aligncenter size-full\"><img loading=\"lazy\" decoding=\"async\" width=\"844\" height=\"634\" src=\"https:\/\/fundacion-labuenasemilla.org\/wp-content\/uploads\/2025\/07\/im1.jpg\" alt=\"\" class=\"wp-image-71\"\/><\/figure>\n<\/div>\n\n\n<p><strong>Los beneficiarios indirectos ser\u00e1n las familias de las ni\u00f1as, ni\u00f1os, adolescentes y j\u00f3venes de escasos recursos econ\u00f3micos, de las comunidades del departamento de La Paz, que se beneficiaran al contar con espacios seguros para sus hijos.<\/strong><\/p>\n\n\n<div class=\"wp-block-image\">\n<figure class=\"aligncenter size-full\"><img loading=\"lazy\" decoding=\"async\" width=\"1280\" height=\"960\" src=\"https:\/\/fundacion-labuenasemilla.org\/wp-content\/uploads\/2025\/07\/im2.jpg\" alt=\"\" class=\"wp-image-72\"\/><\/figure>\n<\/div>\n\n\n<h2 class=\"wp-block-heading\"><strong>Programas y\/o Proyectos a implementarse por la Fundaci\u00f3n<\/strong><\/h2>\n\n\n\n<p><strong>El primer proyecto a implementarse ser\u00e1 el CENTO DE DIA CON APOYO ESCOLAR. Considerando una implementaci\u00f3n de programas apropiados seg\u00fan la etapa de vida en la que se encuentra la ni\u00f1a, ni\u00f1o, adolescente y joven, \u00e9ste programa que capturar\u00e1 la atenci\u00f3n de la ni\u00f1a, ni\u00f1o, adolescente y joven y mantendr\u00e1 comprometido a continuar con el programa y se incentive el desarrollo integral, aprendizaje integral en todas las \u00e1reas y que promueva la obtenci\u00f3n de los resultados para formar a la ni\u00f1a, ni\u00f1o, adolescente y joven y tenga \u00e9xito en el futuro.<\/strong><\/p>\n\n\n\n<h2 class=\"wp-block-heading\"><strong>Descripci\u00f3n del Proyecto<\/strong><\/h2>\n\n\n\n<p><strong>El proyecto CENTRO DE DIA CON APOYO ESCOLAR ser\u00e1 implementado en el domicilio especifico de la Fundaci\u00f3n, inmueble que es prestado por otra instituci\u00f3n sin fines de lucro, y en el cual se contar\u00e1 con aulas equipadas para la implementaci\u00f3n de este proyecto; donde se organizaran grupos de 20 \u2013 35 ni\u00f1as, ni\u00f1os, adolescentes y j\u00f3venes aproximadamente , seg\u00fan su edad contando con espacios diferenciados para cada grupo, en los cuales se trabajar\u00e1 cuatro horas por tres d\u00edas durante la semana, para cada grupo. Se cuidar\u00e1 que las ni\u00f1as, ni\u00f1os, no asistan al centro los mismos d\u00edas que los adolescentes y j\u00f3venes, con la intenci\u00f3n de cuidar su integridad.<\/strong><\/p>\n\n\n\n<p><strong>El proyecto pretende fortalecer su \u00e1rea f\u00edsica, habilidades cognitivas, psicol\u00f3gicas y socio-emocionales y de la personalidad, comenzando entre las edades 0 a 22 a\u00f1os de edad. Los grupos que se organizan ser\u00e1n los siguientes:<\/strong><\/p>\n\n\n\n<ul class=\"wp-block-list\">\n<li><strong>Supervivencia 0 a 12 meses<\/strong><\/li>\n\n\n\n<li><strong>Primera Infancia 1 a 5 a\u00f1os<\/strong><\/li>\n\n\n\n<li><strong>Ni\u00f1ez 6 a 12 a\u00f1os<\/strong><\/li>\n\n\n\n<li><strong>Adolescencia 12 a 18 a\u00f1os<\/strong><\/li>\n\n\n\n<li><strong>Juventud 18 a 22 a\u00f1os<\/strong><\/li>\n\n\n\n<li><strong>La atenci\u00f3n dentro del proyecto, ser\u00e1 desarrollada en:<\/strong><\/li>\n<\/ul>\n\n\n\n<h2 class=\"wp-block-heading\"><strong>Atenci\u00f3n Base Hogar<\/strong><\/h2>\n\n\n\n<p><strong>Se refiere a que la implementaci\u00f3n del proyecto es realizada en el hogar del beneficiario, trabajando el binomio madre\/hijo(a), en el proyecto. En esta modalidad se pretende trabajar con ni\u00f1as y ni\u00f1os en etapa de: Supervivencia 0 a 12 meses y Primera Infancia 1 a 5 a\u00f1os de edad, el programa estar\u00e1 enfocado al desarrollo integral de la ni\u00f1a y ni\u00f1o atendiendo sus necesidades b\u00e1sicas con \u00e9nfasis en salud y capacitando a la madre durante la etapa m\u00e1s vulnerable\u00a0 de la vida del beb\u00e9 y se buscara apoyar en:<\/strong><\/p>\n\n\n\n<ul class=\"wp-block-list\">\n<li><strong>Asistencia m\u00e9dica y alimentaci\u00f3n nutritiva para prevenir enfermedades brindando seguimiento a la atenci\u00f3n prenatal a las mam\u00e1s e inmunizaciones a los beb\u00e9s, lo cual ayuda a los ni\u00f1os a tener un saludable comienzo y crecer fuertes.<\/strong><\/li>\n\n\n\n<li><strong>Actividades de estimulaci\u00f3n mental y f\u00edsica para mejorar y desarrollar habilidades motrices en los beb\u00e9s.<\/strong><\/li>\n\n\n\n<li><strong>Empoderamiento a las madres con capacitaci\u00f3n para desarrollar habilidades para la generaci\u00f3n de ingresos econ\u00f3micos para sus familias.<\/strong><\/li>\n\n\n\n<li><strong>Apoyo social\/moral para madres\/cuidadores.<\/strong><\/li>\n\n\n\n<li><strong>La asistencia m\u00e9dica ser\u00e1 prestado por profesionales m\u00e9dicos que ser\u00e1n voluntarios en la Fundaci\u00f3n y posteriormente contratados, quienes visitar\u00e1n los hogares de los ni\u00f1os\u00a0 en su primera infancia y supervivencia.<\/strong><\/li>\n<\/ul>\n\n\n\n<h2 class=\"wp-block-heading\"><strong>Atenci\u00f3n Base Centro<\/strong><\/h2>\n\n\n\n<p><strong>El proyecto es implementado en las instalaciones de la Fundaci\u00f3n, donde se organizar\u00e1n grupos de edad conformada por 20 a 35 ni\u00f1as, ni\u00f1os, adolescentes y j\u00f3venes aproximadamente, seg\u00fan su edad y cuidado que las ni\u00f1as y ni\u00f1os, no asistan al centro los mismos d\u00edas que los adolescentes y j\u00f3venes.<\/strong><\/p>\n\n\n\n<ul class=\"wp-block-list\">\n<li><strong>Atenci\u00f3n de beneficiarios en etapa de 6 a 14 a\u00f1os que tienen la intenci\u00f3n de potenciar el desarrollo integral de las ni\u00f1as, ni\u00f1os y preadolescentes,\u00a0 de manera que se alcancen los resultados de desarrollo esperados y se fortalezca las habilidades.<\/strong><\/li>\n<\/ul>\n\n\n\n<p><strong>El trabajo en el aula, ser\u00e1 desarrollado en tres partes<\/strong><\/p>\n\n\n\n<ul class=\"wp-block-list\">\n<li><strong>I. La primera parte consiste en realizar una din\u00e1mica como introducci\u00f3n, para luego empezar a realizar sus tareas de la escuela y\/o colegio, con el apoyo de sus tutores y\/o facilitadores.<\/strong><\/li>\n\n\n\n<li><strong>II. La segunda parte consiste en brindarles una merienda nutritiva e higi\u00e9nica, la cual necesitan para su desarrollo f\u00edsico, la merienda ser\u00e1 preparada por una persona conocedora sobre nutrici\u00f3n.<\/strong><\/li>\n\n\n\n<li><strong>III. La tercera y \u00faltima parte consiste en desarrollar juegos educativos, din\u00e1micas y otras actividades en las cuales se imparten valores y principios cristianos, para fortalecer su desarrollo espiritual.\u00a0\u00a0\u00a0\u00a0\u00a0\u00a0<\/strong><\/li>\n\n\n\n<li><strong>\u00a0Atenci\u00f3n a beneficiarios en etapa de Juventud de 15 a 22 a\u00f1os que tendr\u00e1 la intenci\u00f3n de potenciar sus habilidades y necesidades f\u00edsicas, cognitivas y socioemocionales a trav\u00e9s de promover oportunidades de desarrollo con apoyo directo a necesidades b\u00e1sicas y de entrenamientos con profesionales del \u00e1rea en instituciones privadas y gubernamentales que se podr\u00e1n medir por los resultados que a continuaci\u00f3n se dan a conocer:<\/strong><\/li>\n<\/ul>\n\n\n\n<figure class=\"wp-block-table\"><table class=\"has-fixed-layout\"><tbody><tr><td><strong>\u00c1rea<\/strong><\/td><td><strong>Resultados Esperados en los Beneficiarios<\/strong><\/td><\/tr><tr><td><strong>F\u00edsica<\/strong><\/td><td><strong>Escogen buenas pr\u00e1cticas para la salud y esta f\u00edsicamente saludable.<\/strong><strong>Demuestran un entendimiento apropiado de su cuerpo.<\/strong><strong>Experimentan reducci\u00f3n en la incidencia de enfermedades, deficiencias alimenticias e impedimentos f\u00edsicos.<\/strong><strong>Toman responsabilidad por las decisiones sobre su salud y sexualidad.<\/strong><\/td><\/tr><tr><td><strong>Cognitivo<\/strong><\/td><td><strong>Completan la educaci\u00f3n primaria, secundaria y\/o t\u00e9cnico superior.<\/strong><strong>Exhiben la motivaci\u00f3n y las destrezas necesarias para llegar a auto-sostenerse econ\u00f3micamente.<\/strong><strong>Saben y usan por lo menos una destreza generadora de ingresos y administrar sus finanzas.&nbsp;<\/strong><\/td><\/tr><tr><td><strong>Socio-Emocional<\/strong><\/td><td><strong>Interact\u00faan con otras personas de manera saludable y compasiva.<\/strong><\/td><\/tr><\/tbody><\/table><\/figure>\n\n\n\n<p><strong>De igual manera se brindar\u00e1 asistencia m\u00e9dica gratuita dos veces al a\u00f1o (consultas externas, vacunas, dotaci\u00f3n de medicamentos, seg\u00fan sea necesario para cada ni\u00f1o o ni\u00f1a), con lo cual se pretende mejorar sus condiciones de salud, evitar enfermedades e inculcar valores para cuidar su integridad corporal.<\/strong><\/p>\n","protected":false},"excerpt":{"rendered":"<p>Estrategias Somos una Fundaci\u00f3n sin fines de lucro, que pretende desarrollar e implementar programas y proyectos en beneficio de las ni\u00f1as, ni\u00f1os, adolescentes y j\u00f3venes de escasos recursos econ\u00f3micos, de&hellip;<\/p>\n","protected":false},"author":1,"featured_media":0,"parent":0,"menu_order":0,"comment_status":"closed","ping_status":"closed","template":"","meta":{"footnotes":""},"class_list":["post-28","page","type-page","status-publish","hentry"],"_links":{"self":[{"href":"https:\/\/fundacion-labuenasemilla.org\/index.php\/wp-json\/wp\/v2\/pages\/28","targetHints":{"allow":["GET"]}}],"collection":[{"href":"https:\/\/fundacion-labuenasemilla.org\/index.php\/wp-json\/wp\/v2\/pages"}],"about":[{"href":"https:\/\/fundacion-labuenasemilla.org\/index.php\/wp-json\/wp\/v2\/types\/page"}],"author":[{"embeddable":true,"href":"https:\/\/fundacion-labuenasemilla.org\/index.php\/wp-json\/wp\/v2\/users\/1"}],"replies":[{"embeddable":true,"href":"https:\/\/fundacion-labuenasemilla.org\/index.php\/wp-json\/wp\/v2\/comments?post=28"}],"version-history":[{"count":3,"href":"https:\/\/fundacion-labuenasemilla.org\/index.php\/wp-json\/wp\/v2\/pages\/28\/revisions"}],"predecessor-version":[{"id":74,"href":"https:\/\/fundacion-labuenasemilla.org\/index.php\/wp-json\/wp\/v2\/pages\/28\/revisions\/74"}],"wp:attachment":[{"href":"https:\/\/fundacion-labuenasemilla.org\/index.php\/wp-json\/wp\/v2\/media?parent=28"}],"curies":[{"name":"wp","href":"https:\/\/api.w.org\/{rel}","templated":true}]}}

Educación

<h2 class="wp-block-heading"><strong>Estrategias</strong></h2>



<p><strong>Somos una Fundación sin fines de lucro, que pretende desarrollar e implementar programas y proyectos en beneficio de las niñas, niños, adolescentes y jóvenes de escasos recursos económicos, de todas las comunidades del departamento de La Paz, inicialmente en la ciudad de El Alto, brindando atención gratuita en apoyo escolar a niñas, niños, adolescentes de escasos recursos económicos y una alimentación complementaria en forma de merienda saludable e higiénica a las niñas, niños, adolescentes y jóvenes que asistan a nuestro Centro de Día con apoyo escolar.</strong></p>



<p><strong>Buscamos contribuir al mejoramiento de la calidad de vida de las niñas, niños, adolescentes y jóvenes de escasos recursos económicos; realizando actividades de asistencia social, para su desarrollo integral, fortaleciendo sus habilidades para el aprendizaje y evitando que atraviesen situaciones de riesgo o vulnerabilidad en ausencia de sus padres.</strong></p>



<h2 class="wp-block-heading"><strong>Cobertura Poblacional</strong></h2>



<p><strong>Nuestra población beneficiaria directa son niñas, niños, adolescentes y jóvenes de escasos recursos económicos, de las comunidades del departamento de La Paz</strong>.</p>


<div class="wp-block-image">
<figure class="aligncenter size-full"><img loading="lazy" decoding="async" width="844" height="634" src="https://fundacion-labuenasemilla.org/wp-content/uploads/2025/07/im1.jpg" alt="" class="wp-image-71"/></figure>
</div>


<p><strong>Los beneficiarios indirectos serán las familias de las niñas, niños, adolescentes y jóvenes de escasos recursos económicos, de las comunidades del departamento de La Paz, que se beneficiaran al contar con espacios seguros para sus hijos.</strong></p>


<div class="wp-block-image">
<figure class="aligncenter size-full"><img loading="lazy" decoding="async" width="1280" height="960" src="https://fundacion-labuenasemilla.org/wp-content/uploads/2025/07/im2.jpg" alt="" class="wp-image-72"/></figure>
</div>


<h2 class="wp-block-heading"><strong>Programas y/o Proyectos a implementarse por la Fundación</strong></h2>



<p><strong>El primer proyecto a implementarse será el CENTO DE DIA CON APOYO ESCOLAR. Considerando una implementación de programas apropiados según la etapa de vida en la que se encuentra la niña, niño, adolescente y joven, éste programa que capturará la atención de la niña, niño, adolescente y joven y mantendrá comprometido a continuar con el programa y se incentive el desarrollo integral, aprendizaje integral en todas las áreas y que promueva la obtención de los resultados para formar a la niña, niño, adolescente y joven y tenga éxito en el futuro.</strong></p>



<h2 class="wp-block-heading"><strong>Descripción del Proyecto</strong></h2>



<p><strong>El proyecto CENTRO DE DIA CON APOYO ESCOLAR será implementado en el domicilio especifico de la Fundación, inmueble que es prestado por otra institución sin fines de lucro, y en el cual se contará con aulas equipadas para la implementación de este proyecto; donde se organizaran grupos de 20 – 35 niñas, niños, adolescentes y jóvenes aproximadamente , según su edad contando con espacios diferenciados para cada grupo, en los cuales se trabajará cuatro horas por tres días durante la semana, para cada grupo. Se cuidará que las niñas, niños, no asistan al centro los mismos días que los adolescentes y jóvenes, con la intención de cuidar su integridad.</strong></p>



<p><strong>El proyecto pretende fortalecer su área física, habilidades cognitivas, psicológicas y socio-emocionales y de la personalidad, comenzando entre las edades 0 a 22 años de edad. Los grupos que se organizan serán los siguientes:</strong></p>



<ul class="wp-block-list">
<li><strong>Supervivencia 0 a 12 meses</strong></li>



<li><strong>Primera Infancia 1 a 5 años</strong></li>



<li><strong>Niñez 6 a 12 años</strong></li>



<li><strong>Adolescencia 12 a 18 años</strong></li>



<li><strong>Juventud 18 a 22 años</strong></li>



<li><strong>La atención dentro del proyecto, será desarrollada en:</strong></li>
</ul>



<h2 class="wp-block-heading"><strong>Atención Base Hogar</strong></h2>



<p><strong>Se refiere a que la implementación del proyecto es realizada en el hogar del beneficiario, trabajando el binomio madre/hijo(a), en el proyecto. En esta modalidad se pretende trabajar con niñas y niños en etapa de: Supervivencia 0 a 12 meses y Primera Infancia 1 a 5 años de edad, el programa estará enfocado al desarrollo integral de la niña y niño atendiendo sus necesidades básicas con énfasis en salud y capacitando a la madre durante la etapa más vulnerable  de la vida del bebé y se buscara apoyar en:</strong></p>



<ul class="wp-block-list">
<li><strong>Asistencia médica y alimentación nutritiva para prevenir enfermedades brindando seguimiento a la atención prenatal a las mamás e inmunizaciones a los bebés, lo cual ayuda a los niños a tener un saludable comienzo y crecer fuertes.</strong></li>



<li><strong>Actividades de estimulación mental y física para mejorar y desarrollar habilidades motrices en los bebés.</strong></li>



<li><strong>Empoderamiento a las madres con capacitación para desarrollar habilidades para la generación de ingresos económicos para sus familias.</strong></li>



<li><strong>Apoyo social/moral para madres/cuidadores.</strong></li>



<li><strong>La asistencia médica será prestado por profesionales médicos que serán voluntarios en la Fundación y posteriormente contratados, quienes visitarán los hogares de los niños  en su primera infancia y supervivencia.</strong></li>
</ul>



<h2 class="wp-block-heading"><strong>Atención Base Centro</strong></h2>



<p><strong>El proyecto es implementado en las instalaciones de la Fundación, donde se organizarán grupos de edad conformada por 20 a 35 niñas, niños, adolescentes y jóvenes aproximadamente, según su edad y cuidado que las niñas y niños, no asistan al centro los mismos días que los adolescentes y jóvenes.</strong></p>



<ul class="wp-block-list">
<li><strong>Atención de beneficiarios en etapa de 6 a 14 años que tienen la intención de potenciar el desarrollo integral de las niñas, niños y preadolescentes,  de manera que se alcancen los resultados de desarrollo esperados y se fortalezca las habilidades.</strong></li>
</ul>



<p><strong>El trabajo en el aula, será desarrollado en tres partes</strong></p>



<ul class="wp-block-list">
<li><strong>I. La primera parte consiste en realizar una dinámica como introducción, para luego empezar a realizar sus tareas de la escuela y/o colegio, con el apoyo de sus tutores y/o facilitadores.</strong></li>



<li><strong>II. La segunda parte consiste en brindarles una merienda nutritiva e higiénica, la cual necesitan para su desarrollo físico, la merienda será preparada por una persona conocedora sobre nutrición.</strong></li>



<li><strong>III. La tercera y última parte consiste en desarrollar juegos educativos, dinámicas y otras actividades en las cuales se imparten valores y principios cristianos, para fortalecer su desarrollo espiritual.      </strong></li>



<li><strong> Atención a beneficiarios en etapa de Juventud de 15 a 22 años que tendrá la intención de potenciar sus habilidades y necesidades físicas, cognitivas y socioemocionales a través de promover oportunidades de desarrollo con apoyo directo a necesidades básicas y de entrenamientos con profesionales del área en instituciones privadas y gubernamentales que se podrán medir por los resultados que a continuación se dan a conocer:</strong></li>
</ul>



<figure class="wp-block-table"><table class="has-fixed-layout"><tbody><tr><td><strong>Área</strong></td><td><strong>Resultados Esperados en los Beneficiarios</strong></td></tr><tr><td><strong>Física</strong></td><td><strong>Escogen buenas prácticas para la salud y esta físicamente saludable.</strong><strong>Demuestran un entendimiento apropiado de su cuerpo.</strong><strong>Experimentan reducción en la incidencia de enfermedades, deficiencias alimenticias e impedimentos físicos.</strong><strong>Toman responsabilidad por las decisiones sobre su salud y sexualidad.</strong></td></tr><tr><td><strong>Cognitivo</strong></td><td><strong>Completan la educación primaria, secundaria y/o técnico superior.</strong><strong>Exhiben la motivación y las destrezas necesarias para llegar a auto-sostenerse económicamente.</strong><strong>Saben y usan por lo menos una destreza generadora de ingresos y administrar sus finanzas.&nbsp;</strong></td></tr><tr><td><strong>Socio-Emocional</strong></td><td><strong>Interactúan con otras personas de manera saludable y compasiva.</strong></td></tr></tbody></table></figure>



<p><strong>De igual manera se brindará asistencia médica gratuita dos veces al año (consultas externas, vacunas, dotación de medicamentos, según sea necesario para cada niño o niña), con lo cual se pretende mejorar sus condiciones de salud, evitar enfermedades e inculcar valores para cuidar su integridad corporal.</strong></p>

<p>Estrategias Somos una Fundación sin fines de lucro, que pretende desarrollar e implementar programas y proyectos en beneficio de las niñas, niños, adolescentes y jóvenes de escasos recursos económicos, de&hellip;</p>
